0) a prime number?
False
Let h be 10/(-8) - 9233/(-56)*302. Suppose 5*b - h = -2726. Is b prime?
True
Is 156/(-507) - 3822909/(-39) a prime number?
False
Suppose 9*y = 14*y - 805. Let l be 1/4 - y/(-28). Is l/3*(-8430)/(-12) prime?
False
Is 562/3653 + (-1 - (-7272246)/39) prime?
False
Suppose 1590 = 5*j - 5*o + 3*o, 2*o = 2*j - 630. Suppose 20*c = 15*c + j. Let l = -58 + c. Is l a prime number?
False
Suppose -18*z + 8*z - 13620 = 0. Is z*2/12*-7 a prime number?
False
Let j be (-24)/120 + 572062/10. Suppose 24*l - j = 36370. Is l a prime number?
False
Suppose 40 = 4*a - 5*n, a = -2*a + 5*n + 35. Let b(g) = 5*g**3 + 3*g**2 + 14*g + 7. Let o be b(a). Let s = -94 + o. Is s a composite number?
False
Let f be 40/6*(-45)/(-2) - 4. Is f*(-39)/(-6) - 6 prime?
False
Suppose -925128 - 2354717 = -71*k. Is k prime?
False
Suppose -45972866 - 11618181 = -241*s. Is s composite?
False
Let m(v) = -3*v**3 - v**2 - v. Let h be m(-1). Suppose -h*l + 31 = -4*l. Let n = 120 + l. Is n prime?
True
Let l(k) = 4*k**3 - 46*k**2 - 342*k - 31. Is l(69) a prime number?
True
Let c(t) = 127*t**2 + 185*t - 65. Is c(18) a composite number?
True
Suppose -3*r + 278995 - 110287 = -3*s, r - 3*s - 56234 = 0. Is r a composite number?
False
Let o(n) = 2435*n - 214. Let h(x) = 1218*x - 107. Let q(a) = 5*h(a) - 2*o(a). Is q(2) prime?
True
Suppose 0 = -3*y + 4*v - 12, -2*y - 3*v - 4 = -13. Suppose 5*i - 33578 - 4967 = y. Is i a prime number?
False
Let z(j) = -2*j + 34. Let i(f) = 6*f - 32. Let r be i(8). Let v be z(r). Suppose 5*p + 5*l - 140 = 0, -3*p + 89 = -v*l + 6*l. Is p a prime number?
True
Suppose 943 = 11*u - 1686. Let a = -120 + u. Is a prime?
False
Let w = 24663 - -18290. Is w prime?
True
Suppose -5*k - 6*v - 134 = -2*v, -3*k = -2*v + 76. Let i(f) = -f**3 - 22*f**2 - 6*f + 21. Is i(k) prime?
False
Suppose 54*h - 403179 = -15513. Is h a prime number?
False
Let a(o) = -891*o - 179. Let f = -177 - -173. Is a(f) composite?
True
Suppose -110*b - 22463 = -111*b + 5*n, 2*n + 8 = 0. Is b a composite number?
True
Suppose -22818697 - 568567136 + 117606938 = -185*n. Is n prime?
True
Let z(h) = -20*h**2 - 9*h - 13. Let k(f) = -f. Let l(p) = 24*k(p) - 3*z(p). Is l(8) a composite number?
True
Let q(u) = -5*u - 28. Let x be q(-6). Suppose x*a + 28 = 4*a + 4*o, -3*a - 2*o = -22. Is a + 3411/(-1)*-1 a prime number?
False
Let q be (4 - 6) + -1 + 7. Suppose -l + 5 = 0, 3849 = q*r + 3*l + 206. Is r a prime number?
True
Suppose 36*q - 8466668 = 3869488. Is q prime?
False
Let l(c) = -56*c**3 + 14*c**2 + 19*c + 113. Is l(-12) a composite number?
False
Let b = -1 - -4. Let w be (1010/(-40))/(10/(-40)). Suppose b*g - 472 - w = 0. Is g a prime number?
True
Let u = 61013 - 40602. Is u composite?
False
Let y be (4 - 15/6) + (-7)/(-2). Suppose k = -2*a + 23, a - y*a + 3*k + 31 = 0. Suppose 15*t - 1175 = a*t. Is t a composite number?
True
Suppose 44*p - 46*p + f + 934635 = 0, -2336583 = -5*p - 2*f. Is p prime?
True
Let x be ((-16)/6)/(-3 - (-122)/42). Suppose y = -20 + x. Suppose y*m - 14764 = -4500. Is m a prime number?
True
Let o be 37 - 34 - (0 - 23)*46. Suppose t + 5*d + 1061 = 2*t, -t - 4*d = -o. Is t a prime number?
True
Is (-1)/(-1)*(-127672)/(-8) prime?
True
Suppose 3*y = -2*y + 3*u, -u = 3*y. Let o be 1100 + 17 + y/(-2). Let b = 102 + o. Is b a composite number?
True
Let z = 4347 - 1611. Suppose 3*o - 2*x = 2077, 5*o = o - 4*x + z. Suppose 4*n - 2*t = 1070, 5*n = -t + 631 + o. Is n a composite number?
True
Suppose 3*x - 3*j = 112548, 2*x + j - 47013 = 28028. Is x a composite number?
True
Let m(s) = -s**3 - 37*s**2 + 61*s - 187. Is m(-40) composite?
True
Is (28/(-42))/(2 - 1 - (-15299251)/(-15299229)) prime?
True
Let s(h) = h**3 - 101*h**2 + 25*h + 56. Is s(121) composite?
False
Let h(i) = 14123*i - 1627. Is h(12) a composite number?
True
Suppose i = -5*d + 5, 7*d - 4*d = -4*i - 14. Suppose 3*t + 3*n - 10247 = -2498, 4*t - 10324 = -d*n. Is t a prime number?
True
Let o = -16 + 14. Let d(f) = -330*f + 12. Let m be d(o). Suppose 85 = -y + m. Is y a prime number?
True
Suppose 2*m + 3594 = 5*n, 4*n + m = -4*m + 2895. Let q be (-23)/(724/n + -1). Let b = -2455 - q. Is b a composite number?
True
Suppose 23*p + 88 = 12*p. Let t(r) = -123*r + 1 - 3 - 2 - 1. Is t(p) prime?
False
Is 11/(-176)*-4394920 + 5/(-2) + 1 a prime number?
False
Suppose -59163596 = -195*z + 79*z. Is z a composite number?
False
Suppose 22*x - 9436 = 15*x. Suppose 3*l = x + 3083. Is l a prime number?
False
Is (0 + 25503756/(-18))/(94/(-141)) a prime number?
True
Suppose -28*z + 27*z = 7. Let t(u) = -3*u - 17. Let f be t(z). Suppose 162 = 2*i + f. Is i composite?
False
Suppose -170769 = 21*j - 836910. Is j a prime number?
True
Let f(v) = 22*v**2 - 11*v - 19. Suppose l = -3, -l = -2*t - 5*l - 6. Let w(p) = -5*p + 10. Let m be w(t). Is f(m) prime?
False
Suppose 3*g + 5*w + 14 = 3, 0 = -5*g + 5*w + 35. Suppose g*m - 4*m + 1 = 0. Is ((-8500)/(-6))/m + 3/9 a composite number?
True
Let w be (-100)/(-26) + (-8)/(-52)*1. Let t be (-6)/w*(-150)/15. Is 9/t + ((-122896)/(-20))/2 a composite number?
True
Let x = 144148 + 274125. Is x a prime number?
True
Suppose m = 2*k + 194565, 5*k = 15*m - 11*m - 778266. Is m a composite number?
False
Is ((-2)/(-12))/(245/95081070) composite?
True
Suppose -3*z = 4*s - 123, -z + s - 6*s + 30 = 0. Is (0 + 633)/(z/105) prime?
False
Let b(k) = -k**3 + 27*k**2 + 18*k + 3. Let r be 101/5 - 47/235. Is b(r) a prime number?
True
Is -12*17/612*(-387966)/2 a composite number?
False
Let m = 333239 - 71970. Is m a prime number?
False
Let g be (-3)/((-11)/(64482/(-18))). Let a = g + 2374. Is a prime?
False
Let c(k) = 944*k + 650. Is c(4) composite?
True
Let z(k) = 11*k**3 + 2*k**2 + k. Let d be z(2). Let h = 104 - d. Suppose h*l + 5847 = 9*l. Is l a composite number?
False
Let n(b) = 5*b**3 - 17*b**2 - 14*b + 49. Suppose -268 = -13*u - 73. Is n(u) composite?
False
Let x(u) = u**2 - 16*u + 17. Let a be (-2)/(2/(-25)*15/9). Let l be x(a). Suppose -555 = -5*s - 4*b, -3*s + 2*s - l*b = -111. Is s composite?
True
Suppose 0 = 20510*s - 20513*s + 253983. Is s composite?
True
Suppose -4*r = r + 5975. Let i(h) = 247*h + 385. Let j be i(11). Let c = j + r. Is c composite?
False
Suppose 26*t + 48 + 30 = 0. Is (-1)/((-1)/2728*2) + t a prime number?
True
Let z be (5 - 1)/((-6)/(-8943)). Let k = z + -3509. Is k prime?
False
Suppose -1015*j + 1128*j - 15420418 = 11709187. Is j a prime number?
False
Suppose -71*z = -75*z + 2*r + 5214, -3*z + 4*r + 3913 = 0. Is z prime?
True
Let s(b) be the second derivative of -3*b**5/10 + 7*b**4/12 - 19*b**3/6 + 19*b**2/2 - 203*b. Is s(-8) prime?
True
Let z(u) = 1822*u**2 - u + 1. Let o be z(1). Suppose 4*c + 885 = q - 2*q, -2*q - o = -5*c. Let v = q - -1274. Is v a prime number?
True
Let w = 5897 - -4470. Is w a prime number?
False
Let m be 17379/1 - (-7 + -4 + 8). Is (-5)/((-30)/m) - 0 prime?
True
Let c(q) = 2*q**2 + 34*q + 190649. Is c(0) composite?
False
Let q be (-550)/(-14) + 5 - 4/14. Let m = q + -41. Suppose -m*z + 2527 = 5*r, 0 = -z - z + 2*r + 1674. Is z prime?
True
Suppose 41*i - 127178350 = -83*i - 6*i. Is i a prime number?
False
Suppose -2*f - 1241 = -15485. Suppose -w = 2*u + 2*u + 15078, -4*w = 2*u + 7546. Let m = u + f. Is m a composite number?
True
Is (-46 + 58)/(84/6362363) composite?
False
Let t(s) = 11362*s**2 + 10*s + 19. Is t(-2) prime?
False
Suppose 1430486 = 47*g - 2162241. Is g prime?
True
Let s(a) = 476*a - 93. Is s(52) a composite number?
False
Suppose -101*j = -489*j + 506253476. Is j a composite number?
True
Let b(j) = -19*j**2 + 24*j - 32. Let l be b(8). Is 10/(-6) - 8/(-12) - l prime?
False
Let h(s) be the first derivative of 45/2*s**2 + 19*s + 5. Is h(10) composite?
True
Suppose 13 = -4*q + 45. Suppose -q*x - 6*x - 28 = 0. Is (-5 - 9/x)*(-4408 + 2) a composite number?
False
Let c = -235 - -244. Suppose 9402 = -c*f + 15*f. Is f prime?
True
Is 1176/1 + 4/(36/(-45)) a composite number?
False
Let c be (-106427)/(-6) - 4/(-24). Suppose -3*n = -0*f + 4*f - c, 3*f + 5*n = 13298. Suppose 5*r - 2*b = 7395, 5*r = 2*r + b + f. Is r composite?
True
Let z = -1138 + 1606. Let b = z + -301. Is b a composite number?
False
Suppose -s = -2*i - 7508 + 268466, 2*s - 521932 = -4*i. Is i prime?
False
Let x(c) = 53*c + 31 - 28*c - 29*c. Is x(-10) a composite number?
False
Let v = 15675 - 4096. Su